{"id":160,"date":"2023-04-24T11:55:08","date_gmt":"2023-04-24T09:55:08","guid":{"rendered":"http:\/\/www.dolch-lackveredelung.ch\/cms\/?page_id=160"},"modified":"2023-05-04T15:21:14","modified_gmt":"2023-05-04T13:21:14","slug":"ueberuns","status":"publish","type":"page","link":"https:\/\/www.dolch-lackveredelung.ch\/cms\/ueberuns\/","title":{"rendered":"\u00dcber uns"},"content":{"rendered":"<style>.kb-row-layout-id_9cf745-5b > .kt-row-column-wrap{align-content:start;}:where(.kb-row-layout-id_9cf745-5b > .kt-row-column-wrap) > .wp-block-kadence-column{justify-content:start;}.kb-row-layout-id_9cf745-5b > .kt-row-column-wrap{column-gap:var(--global-kb-gap-md, 2rem);row-gap:var(--global-kb-gap-md, 2rem);max-width:1200px;padding-top:var(--global-kb-spacing-sm, 1.5rem);padding-bottom:var(--global-kb-spacing-sm, 1.5rem);grid-template-columns:minmax(0, 1fr);}.kb-row-layout-id_9cf745-5b > .kt-row-layout-overlay{opacity:0.30;}@media all and (max-width: 1024px){.kb-row-layout-id_9cf745-5b > .kt-row-column-wrap{grid-template-columns:minmax(0, 1fr);}}@media all and (max-width: 767px){.kb-row-layout-id_9cf745-5b > .kt-row-column-wrap{grid-template-columns:minmax(0, 1fr);}}<\/style><div class=\"kb-row-layout-wrap kb-row-layout-id_9cf745-5b alignfull has-neve-text-color-background-color kt-row-has-bg wp-block-kadence-rowlayout\"><div class=\"kt-row-column-wrap kt-has-1-columns kt-row-layout-equal kt-tab-layout-inherit kt-mobile-layout-row kt-row-valign-top kb-theme-content-width\">\n<style>.kadence-column_0831e6-d7 > .kt-inside-inner-col,.kadence-column_0831e6-d7 > .kt-inside-inner-col:before{border-top-left-radius:0px;border-top-right-radius:0px;border-bottom-right-radius:0px;border-bottom-left-radius:0px;}.kadence-column_0831e6-d7 > .kt-inside-inner-col{column-gap:var(--global-kb-gap-sm, 1rem);}.kadence-column_0831e6-d7 > .kt-inside-inner-col{flex-direction:column;}.kadence-column_0831e6-d7 > .kt-inside-inner-col > .aligncenter{width:100%;}.kadence-column_0831e6-d7 > .kt-inside-inner-col{background-color:var(u002du002dnv-dark-bg);}.kadence-column_0831e6-d7 > .kt-inside-inner-col:before{opacity:0.3;}.kadence-column_0831e6-d7{position:relative;}@media all and (max-width: 1024px){.kadence-column_0831e6-d7 > .kt-inside-inner-col{flex-direction:column;}}@media all and (max-width: 767px){.kadence-column_0831e6-d7 > .kt-inside-inner-col{flex-direction:column;}}<\/style>\n<div class=\"wp-block-kadence-column kadence-column_0831e6-d7\"><div class=\"kt-inside-inner-col\"><style>.kadence-column_501cba-48 > .kt-inside-inner-col,.kadence-column_501cba-48 > .kt-inside-inner-col:before{border-top-left-radius:0px;border-top-right-radius:0px;border-bottom-right-radius:0px;border-bottom-left-radius:0px;}.kadence-column_501cba-48 > .kt-inside-inner-col{column-gap:var(--global-kb-gap-sm, 1rem);}.kadence-column_501cba-48 > .kt-inside-inner-col{flex-direction:column;}.kadence-column_501cba-48 > .kt-inside-inner-col > .aligncenter{width:100%;}.kadence-column_501cba-48 > .kt-inside-inner-col:before{opacity:0.3;}.kadence-column_501cba-48{position:relative;}@media all and (max-width: 1024px){.kadence-column_501cba-48 > .kt-inside-inner-col{flex-direction:column;}}@media all and (max-width: 767px){.kadence-column_501cba-48 > .kt-inside-inner-col{flex-direction:column;}}<\/style>\n<div class=\"wp-block-kadence-column kadence-column_501cba-48\"><div class=\"kt-inside-inner-col\">\n<div style=\"height:100px\" aria-hidden=\"true\" class=\"wp-block-spacer\"><\/div>\n\n\n<style>.kadence-column_5a4430-77 > .kt-inside-inner-col,.kadence-column_5a4430-77 > .kt-inside-inner-col:before{border-top-left-radius:0px;border-top-right-radius:0px;border-bottom-right-radius:0px;border-bottom-left-radius:0px;}.kadence-column_5a4430-77 > .kt-inside-inner-col{column-gap:var(--global-kb-gap-sm, 1rem);}.kadence-column_5a4430-77 > .kt-inside-inner-col{flex-direction:column;}.kadence-column_5a4430-77 > .kt-inside-inner-col > .aligncenter{width:100%;}.kadence-column_5a4430-77 > .kt-inside-inner-col:before{opacity:0.3;}.kadence-column_5a4430-77{position:relative;}@media all and (max-width: 1024px){.kadence-column_5a4430-77 > .kt-inside-inner-col{flex-direction:column;}}@media all and (max-width: 767px){.kadence-column_5a4430-77 > .kt-inside-inner-col{flex-direction:column;}}<\/style>\n<div class=\"wp-block-kadence-column kadence-column_5a4430-77\"><div class=\"kt-inside-inner-col\">\n<div style=\"height:100px\" aria-hidden=\"true\" class=\"wp-block-spacer\"><\/div>\n<\/div><\/div>\n<\/div><\/div>\n\n\n\n<div class=\"wp-block-columns alignwide has-nv-site-bg-color has-neve-link-color-background-color has-text-color has-background is-layout-flex wp-container-core-columns-layout-1 wp-block-columns-is-layout-flex\">\n<div class=\"wp-block-column is-layout-flow wp-block-column-is-layout-flow\" style=\"flex-basis:50%\">\n<div class=\"wp-block-cover\"><span aria-hidden=\"true\" class=\"wp-block-cover__background has-background-dim\"><\/span><img loading=\"lazy\" decoding=\"async\" width=\"1280\" height=\"960\" class=\"wp-block-cover__image-background wp-image-375\" alt=\"\" src=\"http:\/\/www.dolch-lackveredelung.ch\/cms\/wp-content\/uploads\/2023\/04\/C018972_1417081185517_v_1_00.jpg\" data-object-fit=\"cover\" srcset=\"https:\/\/www.dolch-lackveredelung.ch\/cms\/wp-content\/uploads\/2023\/04\/C018972_1417081185517_v_1_00.jpg 1280w, https:\/\/www.dolch-lackveredelung.ch\/cms\/wp-content\/uploads\/2023\/04\/C018972_1417081185517_v_1_00-300x225.jpg 300w, https:\/\/www.dolch-lackveredelung.ch\/cms\/wp-content\/uploads\/2023\/04\/C018972_1417081185517_v_1_00-1024x768.jpg 1024w, https:\/\/www.dolch-lackveredelung.ch\/cms\/wp-content\/uploads\/2023\/04\/C018972_1417081185517_v_1_00-768x576.jpg 768w\" sizes=\"(max-width: 1280px) 100vw, 1280px\" \/><div class=\"wp-block-cover__inner-container is-layout-constrained wp-block-cover-is-layout-constrained\">\n<p><\/p>\n\n\n\n<p><\/p>\n\n\n\n<div style=\"height:100px\" aria-hidden=\"true\" class=\"wp-block-spacer\"><\/div>\n\n\n\n<div style=\"height:100px\" aria-hidden=\"true\" class=\"wp-block-spacer\"><\/div>\n\n\n\n<p><\/p>\n\n\n\n<div style=\"height:100px\" aria-hidden=\"true\" class=\"wp-block-spacer\"><\/div>\n\n\n\n<p class=\"has-text-align-center has-text-color has-medium-font-size\" style=\"color:#f36f21\">CC Versiegelung<\/p>\n<\/div><\/div>\n<\/div>\n\n\n\n<div class=\"wp-block-column is-layout-flow wp-block-column-is-layout-flow\" style=\"flex-basis:50%\">\n<div style=\"height:100px\" aria-hidden=\"true\" class=\"wp-block-spacer\"><\/div>\n\n\n<style>.kb-count-up-_46b66d-7e .kb-count-up-title{color:var(--nv-site-bg);}.kb-count-up-_46b66d-7e .kb-count-up-number{color:#f36f21;font-size:50px;}<\/style>\n<div class=\"wp-block-kadence-countup kb-count-up-_46b66d-7e kb-count-up\" data-start=\"0\" data-end=\"26\" data-prefix=\"\" data-suffix=\"\" data-duration=\"2.5\" data-separator=\"\"><div class=\"kb-count-up-process kb-count-up-number\"><\/div><div class=\"kb-count-up-title\">Jahre<\/div><\/div>\n\n\n<style>.kb-count-up-_afca79-04 .kb-count-up-title{color:var(--nv-site-bg);}.kb-count-up-_afca79-04 .kb-count-up-number{color:#f36f21;font-size:50px;}<\/style>\n<div class=\"wp-block-kadence-countup kb-count-up-_afca79-04 kb-count-up\" data-start=\"0\" data-end=\"20154\" data-prefix=\"\" data-suffix=\"\" data-duration=\"2.5\" data-separator=\"\"><div class=\"kb-count-up-process kb-count-up-number\"><\/div><div class=\"kb-count-up-title\">Lackierte Oberfl\u00e4chen<\/div><\/div>\n<\/div>\n<\/div>\n\n\n\n<div style=\"height:100px\" aria-hidden=\"true\" class=\"wp-block-spacer\"><\/div>\n\n\n\n<div class=\"wp-block-media-text has-media-on-the-right is-stacked-on-mobile has-neve-link-color-background-color has-background\" style=\"grid-template-columns:auto 47%\"><div class=\"wp-block-media-text__content\">\n<p class=\"has-text-align-right has-nv-light-bg-color has-text-color\">Mit \u00fcber 45-j\u00e4hriger Berufserfahrung im Auto\/Oldtimer, Carrosserie\/Lackierbereich haben wir auf und an allen erdenklichen Fahrzeugen Objekten am Boden, in der Luft und zu Wasser und Beschichtungstr\u00e4gern gearbeitet. Ausserdem haben wir fast alle auf dem Markt erh\u00e4ltlichen Farb- und Lackiermaterialien verarbeitet und lackiert. Nach 13-j\u00e4hriger Selbstst\u00e4ndigkeit (Dolch Spitzwerk &amp; Carrosserie GmbH in Freienbach SZ) und anschliessend bis heute auf meinem Beruf t\u00e4tig. Des Weiteren bin ich weiterhin als Anwendungstechniker auf Scholl Concepts Lack und Fahrzeugveredelungs-Produkte spezialisiert. Im Jahr 2013 wurde die bestehende GmbH ge\u00e4ndert auf Dolch Lackveredelungen GmbH. (Stand 21.04.2023)<\/p>\n<\/div><figure class=\"wp-block-media-text__media\"><img loading=\"lazy\" decoding=\"async\" width=\"1024\" height=\"768\" src=\"http:\/\/www.dolch-lackveredelung.ch\/cms\/wp-content\/uploads\/2023\/04\/VW_caddy_bruno_v_1_01-2-1024x768.jpg\" alt=\"\" class=\"wp-image-383 size-full\" srcset=\"https:\/\/www.dolch-lackveredelung.ch\/cms\/wp-content\/uploads\/2023\/04\/VW_caddy_bruno_v_1_01-2-1024x768.jpg 1024w, https:\/\/www.dolch-lackveredelung.ch\/cms\/wp-content\/uploads\/2023\/04\/VW_caddy_bruno_v_1_01-2-300x225.jpg 300w, https:\/\/www.dolch-lackveredelung.ch\/cms\/wp-content\/uploads\/2023\/04\/VW_caddy_bruno_v_1_01-2-768x576.jpg 768w, https:\/\/www.dolch-lackveredelung.ch\/cms\/wp-content\/uploads\/2023\/04\/VW_caddy_bruno_v_1_01-2-1536x1152.jpg 1536w, https:\/\/www.dolch-lackveredelung.ch\/cms\/wp-content\/uploads\/2023\/04\/VW_caddy_bruno_v_1_01-2.jpg 2048w\" sizes=\"(max-width: 1024px) 100vw, 1024px\" \/><\/figure><\/div>\n\n\n\n<div style=\"height:100px\" aria-hidden=\"true\" class=\"wp-block-spacer\"><\/div>\n\n\n\n<div class=\"wp-block-group\"><div class=\"wp-block-group__inner-container is-layout-flow wp-block-group-is-layout-flow\">\n<div class=\"wp-block-buttons is-content-justification-center is-layout-flex wp-container-core-buttons-layout-1 wp-block-buttons-is-layout-flex\">\n<div class=\"wp-block-button is-style-primary\"><a class=\"wp-block-button__link wp-element-button\" href=\"http:\/\/www.dolch-lackveredelung.ch\/cms\/contact\/\">Zum Kontaktformular<\/a><\/div>\n\n\n\n<div class=\"wp-block-button is-style-secondary\"><a class=\"wp-block-button__link wp-element-button\" href=\"http:\/\/www.dolch-lackveredelung.ch\/cms\/\">Zur Homepage<\/a><\/div>\n<\/div>\n<\/div><\/div>\n\n\n\n<div style=\"height:100px\" aria-hidden=\"true\" class=\"wp-block-spacer\"><\/div>\n\n\n\n<div style=\"height:100px\" aria-hidden=\"true\" class=\"wp-block-spacer\"><\/div>\n<\/div><\/div>\n\n<\/div><\/div>","protected":false},"excerpt":{"rendered":"<p>Mit \u00fcber 45-j\u00e4hriger Berufserfahrung im Auto\/Oldtimer, Carrosserie\/Lackierbereich haben wir auf und an allen erdenklichen Fahrzeugen Objekten am Boden, in der Luft und zu Wasser und Beschichtungstr\u00e4gern gearbeitet. Ausserdem haben wir fast alle auf dem Markt erh\u00e4ltlichen Farb- und Lackiermaterialien verarbeitet und lackiert. Nach 13-j\u00e4hriger Selbstst\u00e4ndigkeit (Dolch Spitzwerk &amp; Carrosserie GmbH in Freienbach SZ) und anschliessend&hellip;&nbsp;<a href=\"https:\/\/www.dolch-lackveredelung.ch\/cms\/ueberuns\/\" class=\"\" rel=\"bookmark\">Weiterlesen &raquo;<span class=\"screen-reader-text\">\u00dcber uns<\/span><\/a><\/p>\n","protected":false},"author":1,"featured_media":0,"parent":0,"menu_order":0,"comment_status":"closed","ping_status":"closed","template":"","meta":{"neve_meta_sidebar":"","neve_meta_container":"","neve_meta_enable_content_width":"","neve_meta_content_width":0,"neve_meta_title_alignment":"","neve_meta_author_avatar":"","neve_post_elements_order":"","neve_meta_disable_header":"off","neve_meta_disable_footer":"","neve_meta_disable_title":"on","_themeisle_gutenberg_block_has_review":false,"_ti_tpc_template_sync":false,"_ti_tpc_template_id":"","footnotes":""},"yoast_head":"<!-- This site is optimized with the Yoast SEO plugin v21.8 - https:\/\/yoast.com\/wordpress\/plugins\/seo\/ -->\n<title>\u00dcber uns - Dolch Lackveredelungen<\/title>\n<meta name=\"robots\" content=\"index, follow, max-snippet:-1, max-image-preview:large, max-video-preview:-1\" \/>\n<link rel=\"canonical\" href=\"http:\/\/www.dolch-lackveredelung.ch\/cms\/ueberuns\/\" \/>\n<meta property=\"og:locale\" content=\"de_DE\" \/>\n<meta property=\"og:type\" content=\"article\" \/>\n<meta property=\"og:title\" content=\"\u00dcber uns - Dolch Lackveredelungen\" \/>\n<meta property=\"og:description\" content=\"Mit \u00fcber 45-j\u00e4hriger Berufserfahrung im Auto\/Oldtimer, Carrosserie\/Lackierbereich haben wir auf und an allen erdenklichen Fahrzeugen Objekten am Boden, in der Luft und zu Wasser und Beschichtungstr\u00e4gern gearbeitet. Ausserdem haben wir fast alle auf dem Markt erh\u00e4ltlichen Farb- und Lackiermaterialien verarbeitet und lackiert. Nach 13-j\u00e4hriger Selbstst\u00e4ndigkeit (Dolch Spitzwerk &amp; Carrosserie GmbH in Freienbach SZ) und anschliessend&hellip;&nbsp;Weiterlesen &raquo;\u00dcber uns\" \/>\n<meta property=\"og:url\" content=\"http:\/\/www.dolch-lackveredelung.ch\/cms\/ueberuns\/\" \/>\n<meta property=\"og:site_name\" content=\"Dolch Lackveredelungen\" \/>\n<meta property=\"article:modified_time\" content=\"2023-05-04T13:21:14+00:00\" \/>\n<meta property=\"og:image\" content=\"http:\/\/www.dolch-lackveredelung.ch\/cms\/wp-content\/uploads\/2023\/04\/C018972_1417081185517_v_1_00.jpg\" \/>\n<meta name=\"twitter:card\" content=\"summary_large_image\" \/>\n<meta name=\"twitter:label1\" content=\"Gesch\u00e4tzte Lesezeit\" \/>\n\t<meta name=\"twitter:data1\" content=\"1 Minute\" \/>\n<script type=\"application\/ld+json\" class=\"yoast-schema-graph\">{\"@context\":\"https:\/\/schema.org\",\"@graph\":[{\"@type\":\"WebPage\",\"@id\":\"http:\/\/www.dolch-lackveredelung.ch\/cms\/ueberuns\/\",\"url\":\"http:\/\/www.dolch-lackveredelung.ch\/cms\/ueberuns\/\",\"name\":\"\u00dcber uns - Dolch Lackveredelungen\",\"isPartOf\":{\"@id\":\"https:\/\/www.dolch-lackveredelung.ch\/cms\/#website\"},\"datePublished\":\"2023-04-24T09:55:08+00:00\",\"dateModified\":\"2023-05-04T13:21:14+00:00\",\"breadcrumb\":{\"@id\":\"http:\/\/www.dolch-lackveredelung.ch\/cms\/ueberuns\/#breadcrumb\"},\"inLanguage\":\"de-CH\",\"potentialAction\":[{\"@type\":\"ReadAction\",\"target\":[\"http:\/\/www.dolch-lackveredelung.ch\/cms\/ueberuns\/\"]}]},{\"@type\":\"BreadcrumbList\",\"@id\":\"http:\/\/www.dolch-lackveredelung.ch\/cms\/ueberuns\/#breadcrumb\",\"itemListElement\":[{\"@type\":\"ListItem\",\"position\":1,\"name\":\"Startseite\",\"item\":\"https:\/\/www.dolch-lackveredelung.ch\/cms\/\"},{\"@type\":\"ListItem\",\"position\":2,\"name\":\"\u00dcber uns\"}]},{\"@type\":\"WebSite\",\"@id\":\"https:\/\/www.dolch-lackveredelung.ch\/cms\/#website\",\"url\":\"https:\/\/www.dolch-lackveredelung.ch\/cms\/\",\"name\":\"Dolch Lackveredelungen\",\"description\":\"\",\"potentialAction\":[{\"@type\":\"SearchAction\",\"target\":{\"@type\":\"EntryPoint\",\"urlTemplate\":\"https:\/\/www.dolch-lackveredelung.ch\/cms\/?s={search_term_string}\"},\"query-input\":\"required name=search_term_string\"}],\"inLanguage\":\"de-CH\"}]}<\/script>\n<!-- \/ Yoast SEO plugin. -->","yoast_head_json":{"title":"\u00dcber uns - Dolch Lackveredelungen","robots":{"index":"index","follow":"follow","max-snippet":"max-snippet:-1","max-image-preview":"max-image-preview:large","max-video-preview":"max-video-preview:-1"},"canonical":"http:\/\/www.dolch-lackveredelung.ch\/cms\/ueberuns\/","og_locale":"de_DE","og_type":"article","og_title":"\u00dcber uns - Dolch Lackveredelungen","og_description":"Mit \u00fcber 45-j\u00e4hriger Berufserfahrung im Auto\/Oldtimer, Carrosserie\/Lackierbereich haben wir auf und an allen erdenklichen Fahrzeugen Objekten am Boden, in der Luft und zu Wasser und Beschichtungstr\u00e4gern gearbeitet. Ausserdem haben wir fast alle auf dem Markt erh\u00e4ltlichen Farb- und Lackiermaterialien verarbeitet und lackiert. Nach 13-j\u00e4hriger Selbstst\u00e4ndigkeit (Dolch Spitzwerk &amp; Carrosserie GmbH in Freienbach SZ) und anschliessend&hellip;&nbsp;Weiterlesen &raquo;\u00dcber uns","og_url":"http:\/\/www.dolch-lackveredelung.ch\/cms\/ueberuns\/","og_site_name":"Dolch Lackveredelungen","article_modified_time":"2023-05-04T13:21:14+00:00","og_image":[{"url":"http:\/\/www.dolch-lackveredelung.ch\/cms\/wp-content\/uploads\/2023\/04\/C018972_1417081185517_v_1_00.jpg"}],"twitter_card":"summary_large_image","twitter_misc":{"Gesch\u00e4tzte Lesezeit":"1 Minute"},"schema":{"@context":"https:\/\/schema.org","@graph":[{"@type":"WebPage","@id":"http:\/\/www.dolch-lackveredelung.ch\/cms\/ueberuns\/","url":"http:\/\/www.dolch-lackveredelung.ch\/cms\/ueberuns\/","name":"\u00dcber uns - Dolch Lackveredelungen","isPartOf":{"@id":"https:\/\/www.dolch-lackveredelung.ch\/cms\/#website"},"datePublished":"2023-04-24T09:55:08+00:00","dateModified":"2023-05-04T13:21:14+00:00","breadcrumb":{"@id":"http:\/\/www.dolch-lackveredelung.ch\/cms\/ueberuns\/#breadcrumb"},"inLanguage":"de-CH","potentialAction":[{"@type":"ReadAction","target":["http:\/\/www.dolch-lackveredelung.ch\/cms\/ueberuns\/"]}]},{"@type":"BreadcrumbList","@id":"http:\/\/www.dolch-lackveredelung.ch\/cms\/ueberuns\/#breadcrumb","itemListElement":[{"@type":"ListItem","position":1,"name":"Startseite","item":"https:\/\/www.dolch-lackveredelung.ch\/cms\/"},{"@type":"ListItem","position":2,"name":"\u00dcber uns"}]},{"@type":"WebSite","@id":"https:\/\/www.dolch-lackveredelung.ch\/cms\/#website","url":"https:\/\/www.dolch-lackveredelung.ch\/cms\/","name":"Dolch Lackveredelungen","description":"","potentialAction":[{"@type":"SearchAction","target":{"@type":"EntryPoint","urlTemplate":"https:\/\/www.dolch-lackveredelung.ch\/cms\/?s={search_term_string}"},"query-input":"required name=search_term_string"}],"inLanguage":"de-CH"}]}},"_links":{"self":[{"href":"https:\/\/www.dolch-lackveredelung.ch\/cms\/wp-json\/wp\/v2\/pages\/160"}],"collection":[{"href":"https:\/\/www.dolch-lackveredelung.ch\/cms\/wp-json\/wp\/v2\/pages"}],"about":[{"href":"https:\/\/www.dolch-lackveredelung.ch\/cms\/wp-json\/wp\/v2\/types\/page"}],"author":[{"embeddable":true,"href":"https:\/\/www.dolch-lackveredelung.ch\/cms\/wp-json\/wp\/v2\/users\/1"}],"replies":[{"embeddable":true,"href":"https:\/\/www.dolch-lackveredelung.ch\/cms\/wp-json\/wp\/v2\/comments?post=160"}],"version-history":[{"count":50,"href":"https:\/\/www.dolch-lackveredelung.ch\/cms\/wp-json\/wp\/v2\/pages\/160\/revisions"}],"predecessor-version":[{"id":512,"href":"https:\/\/www.dolch-lackveredelung.ch\/cms\/wp-json\/wp\/v2\/pages\/160\/revisions\/512"}],"wp:attachment":[{"href":"https:\/\/www.dolch-lackveredelung.ch\/cms\/wp-json\/wp\/v2\/media?parent=160"}],"curies":[{"name":"wp","href":"https:\/\/api.w.org\/{rel}","templated":true}]}}